Suppose r + 0*u = 3*u + 12, -z*r + 4*u + 48 = 0. Let o be (2 + (-7)/2)*-2. Calculate the highest common factor of o and r.
3
Suppose 4*y + 1 = 81. What is the highest common divisor of y and 40?
20
Let k = -52 - -107. Let s = 57 - 46. Calculate the highest common factor of k and s.
11
Let y be 1 + (-1 + 0 - -4). Suppose -3*u - 5 = -y*u. Let w = 73 - 28. Calculate the highest common factor of w and u.
5
Let k = 92 - -12. Suppose 3*j + 139 + 158 = 2*n, 0 = -2*n - 2*j + 322. Let r be n/8*4/6. What is the greatest common divisor of k and r?
13
Let z(c) = 2*c + 56. Let a be z(0). Let l = 27 - 19. What is the greatest common factor of a and l?
8
Suppose k + 5*q - 23 = -3*k, -4*k = -q - 53. Calculate the highest common divisor of k and 24.
12
Let k(v) = v**3 - 8*v**2 + 7*v + 7. Suppose 0 = 2*q - 7*q + 35. Let j be k(q). Let z be (49/3)/((-3)/(-9)). Calculate the greatest common factor of z and j.
7
Suppose 0*r + 3*r - 42 = 0. Calculate the greatest common divisor of r and 126.
14
Suppose 7*i + 0*i - 1092 = 0. What is the highest common divisor of 39 and i?
39
Suppose -28 = -2*c + 4*x, c + 2*x + 18 = 3*c. Suppose -3*y + c + 2 = 0. Calculate the greatest common divisor of 8 and y.
2
Let j = 15 + -7. Suppose j*o - 4*o = 0, -4*u = 2*o - 168. What is the greatest common factor of 28 and u?
14
Suppose 2*g = l + 2 + 2, -20 = -l - 4*g. Let d be l + 5 - (-2 - -1). What is the highest common divisor of d and 10?
10
Suppose 39 = 5*k + 2*p, -2*k + p + 7 = -14. Suppose 222 - 582 = -5*j. Calculate the highest common factor of j and k.
9
Let t = 82 - 49. Suppose 6*m + 90 = m. Let p = m + t. Calculate the highest common factor of 165 and p.
15
Let l(x) = -x**3 + 10*x**2 + x - 8. Let q be l(10). Suppose q*y - 7*y + 45 = 0. Calculate the greatest common divisor of y and 6.
3
Suppose -48 = -0*d - 4*d. Calculate the greatest common divisor of d and 108.
12
Let r be (2 + 3/(-1))*-5. Suppose -t = t + 6, -r*x - 3*t = -86. Calculate the greatest common factor of 19 and x.
19
Suppose -2 = 3*v + 10. Let o = 1 - v. What is the greatest common divisor of 1 and o?
1
Let b(q) = -27*q - 5. Let y be b(-1). Suppose -2*z + 4*z = 484. What is the greatest common divisor of y and z?
22
Let j(c) = 33*c + 6. Let r be j(5). Suppose -57 = -4*m + r. Let y = -23 + m. What is the greatest common factor of y and 51?
17
Let o = -30 - -63. Calculate the highest common divisor of 22 and o.
11
Let h be (-4 - -6) + 1*31. Let n = 101 - h. What is the highest common factor of 17 and n?
17
Let v(f) = 2*f**3 + f**2 + f + 1. Let q be v(2). What is the highest common divisor of 23 and q?
23
Suppose 36 = k - 2*l + 6*l, 4*l = 4*k - 144. Suppose 5*c - c - k = 0. What is the greatest common factor of c and 1?
1
Let f(o) = -4*o**3 + 0*o - 3*o**2 + 3*o**3 + o - 3*o**2 - 8. Let t be f(-7). Calculate the highest common factor of 17 and t.
17
Let n(c) be the second derivative of -c**4/12 + 5*c**3/3 - 9*c**2/2 - 4*c. Let u be n(8). What is the greatest common divisor of u and 77?
7
Suppose 0 = -b + i - 3*i - 22, 0 = -3*i - 6. Let j be 45/b*(-44)/10. Calculate the highest common factor of j and 88.
11
Suppose 5*h - 231 = 4*h. Suppose 4*y - 3*b = -0*b + 189, 5*y - 2*b = h. Calculate the greatest common divisor of 18 and y.
9
Let k(u) = -u**3 - u**2 + 20. Let a be k(0). Let t = 251 + -171. Calculate the highest common factor of a and t.
20
Let u be 16/2 - (2 + -2). Calculate the highest common factor of u and 8.
8
Let w = -121 - -205. Let z(b) = -b**3 + 2*b**2 + 5*b - 3. Let o be z(3). Let l be (2/4)/(o/126). What is the greatest common divisor of l and w?
21
Suppose 10*i = 5*i + 110. What is the highest common factor of i and 11?
11
Let p be ((-294)/(-7) - -8)/((-4)/(-6)). Let n = 30 + -15. Calculate the highest common factor of p and n.
15
Let m be 3 - 9/3 - -27. Suppose -4*a = a - 30. Let s = a - 3. Calculate the highest common factor of m and s.
3
Let w(u) = 29*u**2 + u. Let d be w(-1). Suppose -2*i - 3*i + 210 = 0. Calculate the highest common factor of i and d.
14
Let r = -1 - -9. Let y be (26/r)/((-4)/(-16)). Let j(l) = 2*l**2 + 2. Let p be j(5). Calculate the highest common factor of p and y.
13
Suppose 0 = 2*d - 73 - 53. Suppose -7*o + 30 + 33 = 0. Calculate the highest common divisor of o and d.
9
Suppose z + 3*s - 2 = 0, 4*s - 2 = -z - 4. Let a = -77 - -231. What is the greatest common factor of a and z?
14
Suppose 2*g + 2*g = 216. Let b(r) = r**3 + 7*r**2 - 8*r + 6. Let s be b(-8). Calculate the greatest common factor of g and s.
6
Suppose -5*i - 18 = -2*i. Let m = -5 - i. Calculate the greatest common divisor of 4 and m.
1
Let s be 1 + 0 + 0/1. Let w be (-1)/1 - (s - 10). Let k = -30 - -50. What is the greatest common divisor of w and k?
4
Let t be 2*-37*-2*1. Let j = t - 363. Let q be j/(-15) - (-4)/6. Calculate the greatest common factor of 75 and q.
15
Suppose 20 = -4*u - x - x, -14 = u + 5*x. Let z be 19 + (-2 - u - 1). What is the highest common divisor of z and 40?
20
Suppose 4*t - 2*r = 430, 7*r = -2*t + 3*r + 240. Calculate the greatest common divisor of 10 and t.
10
Suppose 3*o + 3*j - 114 = 0, 0*j - 4*j = -20. Calculate the greatest common divisor of o and 363.
33
Let x be 10/(-1 + (-6)/(-4)). Suppose -a + 3*y + 34 = 0, 20 + 5 = -5*y. Suppose 5*u - i = a, 2*i + 3 = 2*u - 3. What is the greatest common divisor of x and u?
4
Suppose -4*i = -80 - 32. What is the greatest common factor of i and 70?
14
Suppose 0 = 68*h - 66*h - 2. Calculate the highest common factor of 10 and h.
1
Let m = -18 + -20. Let f = 66 + m. What is the highest common factor of f and 4?
4
Let y = 184 + -88. Let z(o) = o + 12. Let q be z(0). What is the greatest common divisor of q and y?
12
Let u(s) = 3*s + 1. Suppose 5 + 3 = 2*g. Suppose -3*z + z + g = 5*w, -3*z - 1 = 4*w. Let o be u(w). Calculate the highest common divisor of o and 7.
7
Suppose 78 = 2*g - 3*h, 3*g + 0*h = -4*h + 100. What is the highest common divisor of 24 and g?
12
Suppose 3*i + i = -2*b + 64, 2*i = -4*b + 152. Calculate the greatest common factor of 5 and b.
5
Let u(x) = -3*x - 6 + x**2 - 8*x + 12*x. Let f be u(7). Calculate the highest common factor of f and 10.
10
Let t = 43 + -22. Let l = t + 21. Let n(h) = h**3 + 7*h**2 + 4*h - 2. Let q be n(-5). What is the highest common divisor of l and q?
14
Let i be (-4)/(-3)*3/2. Suppose i*g = -2*w + 10 + 4, -4*w - 32 = -2*g. Calculate the greatest common divisor of 80 and g.
10
Let d be 0 + 38 + 2/1. Suppose 4*a - 128 = d. Suppose 3*v - 39 = a. What is the highest common divisor of v and 9?
9
Let z = -18 - -22. What is the highest common factor of z and 4?
4
Let z be (-444)/(-30) + (-3)/(-1 + -14). Suppose 2*r = 2 + 28. Calculate the highest common divisor of z and r.
15
Suppose -12 = -2*y - 2*y. Let o be ((-3)/(-9) + -1)*y. Let d be (o/(-5))/((-1)/(-220)). What is the highest common factor of d and 8?
8
Suppose 3*g - 2*d + 1141 = 0, 371 = -g - 0*g + 3*d. Let l be (-1 - g)*1 + 2. Suppose -2*n + l = n. Calculate the highest common divisor of 16 and n.
16
Let m be (-12)/(-42) + 122/14. Calculate the greatest common divisor of m and 72.
9
Let l(y) = -y**3 + 6*y**2 - 3*y - 4. Suppose -u - 5*p = -3*u + 15, 2*p - 13 = -3*u. Let n be l(u). What is the greatest common factor of n and 12?
6
Let h = -5 + 5. Let m be h + 2 + -4 + 11. What is the highest common divisor of m and 72?
9
Let d = 77 + -76. Calculate the highest common factor of d and 5.
1
Suppose -2*x = -6 - 6. Suppose -3*d + o - 26 = 3*o, -4*d + 4*o = 68. Let c = 36 - d. What is the greatest common factor of c and x?
6
Suppose 0 = -43*n + 44*n - 24. What is the greatest common factor of n and 32?
8
Let h be ((1 - 2)*17)/1. Let s = -15 + -18. Let a = h - s. What is the highest common factor of a and 2?
2
Let a = 5 - 0. Suppose 2*r - 5*r + o = -122, 5*r + 5*o = 190. Calculate the greatest common factor of a and r.
5
Let n(z) = z**3 + 7*z**2 - 7*z + 8. Let w be n(-8). Suppose 10 = 5*v - w. Calculate the highest common factor of v and 12.
2
Let c be 1*-3*(-16)/6. Let d = 51 - 43. What is the highest common factor of d and c?
8
Let l(z) = z**3 - 2*z**2 - 2*z - 1. Let m = -10 - -13. Let y be l(m). Suppose 0 = y*j + j - 45. What is the greatest common factor of j and 15?
15
Suppose 2*c - 4 = c. Suppose 5*y - 15*v = -10*v + 50, 6 = 2*y + 5*v. What is the highest